813 composite?
True
Is 268693 a composite number?
False
Is 289043 prime?
False
Is 36541 composite?
False
Is 57 a composite number?
True
Is 5297 composite?
False
Is 75877 composite?
True
Is 487589 a prime number?
True
Is 7529 composite?
False
Is 117641 composite?
True
Is 81611 composite?
False
Is 61211 a composite number?
False
Is 45007 prime?
True
Is 80943 a composite number?
True
Is 8399 prime?
False
Is 18749 composite?
False
Is 14369 prime?
True
Is 85589 a prime number?
False
Is 6197 prime?
True
Is 75319 a prime number?
False
Is 72337 prime?
True
Is 320899 a prime number?
True
Is 426383 composite?
False
Is 221213 a composite number?
True
Is 62677 a composite number?
True
Is 12439 a composite number?
True
Is 17137 a prime number?
True
Is 60397 composite?
False
Is 3779 prime?
True
Is 189087 a composite number?
True
Is 544367 prime?
True
Is 203855 composite?
True
Is 24131 prime?
False
Is 12449 prime?
False
Is 4547 prime?
True
Is 478594 a composite number?
True
Is 114287 a prime number?
False
Is 63303 a composite number?
True
Is 211621 prime?
False
Is 25321 composite?
False
Is 48957 a prime number?
False
Is 60443 composite?
False
Is 1445513 a composite number?
False
Is 180643 a prime number?
False
Is 34721 a prime number?
True
Is 112403 a prime number?
True
Is 1801 prime?
True
Is 111949 composite?
False
Is 290509 a prime number?
True
Is 147007 a prime number?
False
Is 669023 composite?
False
Is 1649 a prime number?
False
Is 141377 prime?
False
Is 1543267 a prime number?
False
Is 1141447 a prime number?
True
Is 31957 a prime number?
True
Is 34886 a composite number?
True
Is 14957 a prime number?
True
Is 9566 a composite number?
True
Is 3127 a prime number?
False
Is 140297 composite?
False
Is 73077 composite?
True
Is 204947 prime?
True
Is 78271 composite?
True
Is 532309 a composite number?
True
Is 428863 prime?
True
Is 588983 prime?
False
Is 310967 composite?
True
Is 561622 prime?
False
Is 255155 a prime number?
False
Is 522173 a prime number?
False
Is 576373 composite?
True
Is 66479 a prime number?
False
Is 415907 a composite number?
True
Is 1657 prime?
True
Is 1226593 prime?
True
Is 769346 a composite number?
True
Is 965639 prime?
True
Is 1759486 a composite number?
True
Is 257069 prime?
True
Is 6805 a prime number?
False
Is 2314759 a composite number?
False
Is 2181 a prime number?
False
Is 116953 prime?
True
Is 295957 prime?
False
Is 854257 prime?
True
Is 33377 a prime number?
True
Is 46381 a prime number?
True
Is 199559 a prime number?
True
Is 1439393 composite?
False
Is 32483 a prime number?
False
Is 114481 prime?
False
Is 6349 a prime number?
False
Is 11657 composite?
False
Is 274751 composite?
False
Is 6247 composite?
False
Is 339923 composite?
True
Is 3079 a composite number?
False
Is 102397 composite?
False
Is 5389 a composite number?
True
Is 1376603 a prime number?
True
Is 22777 composite?
False
Is 19813 a prime number?
True
Is 2954621 a composite number?
False
Is 30531 a prime number?
False
Is 8663 a composite number?
False
Is 688657 a prime number?
True
Is 1226179 prime?
True
Is 117965 a composite number?
True
Is 69562 composite?
True
Is 7121 a prime number?
True
Is 141481 prime?
True
Is 7033 a composite number?
True
Is 2879 a composite number?
False
Is 557 prime?
True
Is 492551 prime?
True
Is 462221 a prime number?
True
Is 1319 a composite number?
False
Is 29071 composite?
True
Is 22894 a composite number?
True
Is 166587 a prime number?
False
Is 20681 composite?
False
Is 1637 composite?
False
Is 13397 a composite number?
False
Is 294274 prime?
False
Is 454106 composite?
True
Is 10743 composite?
True
Is 154543 composite?
False
Is 54737 a composite number?
True
Is 49319 a composite number?
True
Is 6607 a composite number?
False
Is 126193 composite?
True
Is 366547 a composite number?
False
Is 7187 prime?
True
Is 30801 a composite number?
True
Is 759991 composite?
True
Is 8009 composite?
False
Is 66431 composite?
False
Is 162121 composite?
True
Is 1123 a composite number?
False
Is 310169 a composite number?
False
Is 1720751 a composite number?
True
Is 6443 a composite number?
True
Is 7814 a prime number?
False
Is 264697 a composite number?
False
Is 510981 composite?
True
Is 467 a composite number?
False
Is 7145 a composite number?
True
Is 357131 composite?
False
Is 616865 prime?
False
Is 55763 prime?
True
Is 773951 a composite number?
False
Is 4160141 composite?
False
Is 134009 prime?
False
Is 173263 a prime number?
True
Is 96709 prime?
False
Is 194041 prime?
False
Is 8190943 a prime number?
True
Is 301309 prime?
False
Is 92969 a composite number?
True
Is 4171 composite?
True
Is 41867 a prime number?
False
Is 1117 prime?
True
Is 6387 prime?
False
Is 298997 prime?
False
Is 814309 a composite number?
False
Is 888391 a prime number?
False
Is 25841 composite?
False
Is 80881 a prime number?
False
Is 53011 composite?
True
Is 10238 a composite number?
True
Is 4577 a prime number?
False
Is 14369 composite?
False
Is 221539 prime?
True
Is 161593 composite?
True
Is 2461 a prime number?
False
Is 3449 a prime number?
True
Is 5033 a prime number?
False
Is 34871 a prime number?
True
Is 5779 a composite number?
False
Is 38389 a prime number?
False
Is 220279 a composite number?
False
Is 552677 a prime number?
True
Is 81749 a prime number?
True
Is 3763 a prime number?
False
Is 42821 a prime number?
True
Is 102218 a composite number?
True
Is 1201439 a composite number?
False
Is 11257 a prime number?
True
Is 885839 composite?
False
Is 313765 composite?
True
Is 7603 a prime number?
True
Is 19562 a prime number?
False
Is 1486451 composite?
False
Is 9527 a prime number?
False
Is 4391 a composite number?
False
Is 3943 prime?
True
Is 131753 composite?
True
Is 69653 composite?
False
Is 21169 a prime number?
True
Is 23771 a composite number?
True
Is 31669 a prime number?
False
Is 106469 composite?
True
Is 7069 a prime number?
True
Is 139143 a composite number?
True
Is 11239 prime?
True
Is 7355 composite?
True
Is 73541 a composite number?
True
Is 236143 a prime number?
True
Is 9091 composite?
False
Is 371 a composite number?
True
Is 86287 a composite number?
False
Is 299 composite?
True
Is 6818069 prime?
True
Is 717721 a composite number?
True
Is 27431 prime?
True
Is 1627409 a composite number?
True
Is 519217 a prime number?
True
Is 44653 prime?
False
Is 375743 a prime number?
True
Is 71507 prime?
False
Is 877 a prime number?
True
Is 1172859 composite?
True
Is 44999 composite?
True
Is 26981 a prime number?
True
Is 224921 composite?
False
Is 2315 prime?
False
Is 165799 prime?
True
Is 991 composite?
False
Is 102229 a prime number?
True
Is 863579 a prime number?
False
Is 40577 composite?
False
Is 348487 composite?
False
Is 960757 prime?
False
Is 1118713 composite?
False
Is 122411 composite?
True
Is 160541 composite?
False
Is 219578 a prime number?
False
Is 22249 prime?
False
Is 135517 a prime number?
False
Is 175609 a composite number?
True
Is 7121 a composite number?
False
Is 68833 a composite number?
True
Is 5839 prime?
True
Is 2459 a composite number?
False
Is 214093 prime?
False
Is 217 composite?
True
Is 38891 a prime number?
True
Is 75679 a composite number?
False
Is 31379 prime?
True
Is 1385 composite?
True
Is 42923 prime?
True
Is 197489 composite?
True
Is 10177 a composite number?
False
Is 15679 prime?
True
Is 3359 prime?
True
Is 388301 composite?
False
Is 453431 prime?
False
Is 149 a composite number?
False
Is 201151 a composite number?
False
Is 5808239 a prime number?
True
Is 12301 a prime number?
True
Is 92657 prime?
True
Is 498437 a composite number?
True
Is 2939 a prime number?
True
Is 88397 a composite number?
False
Is 119107 a prime number?
True
Is 411881 composite?
True
Is 2125311 a composite number?
True
Is 111821 composite?
False
Is 555853 a composite number?
False
Is 700163 composite?
True
Is 6521 composite?
False
Is 6689 a prime number?
True
Is 21278 prime?
False
Is 322159 composite?
True
Is 171007 prime?
True
Is 18373 composite?
True
Is 77338 a prime number?
False
Is 184949 composite?
False
Is 33127 prime?
False
Is 29819 prime?
True
Is 2333 prime?
True
Is 6694 prime?
False
Is 5557 a prime number?
True
Is 104287 composite?
False
Is 8651 prime?
False
Is 3683 prime?
False
Is 21209 composite?
True
Is 51503 prime?
True
Is 1401 composite?
True
Is 905